the prime factors of 1929662349?
3, 23, 29, 61, 15809
List the prime factors of 534926803.
14731, 36313
List the prime factors of 17706453.
3, 5902151
What are the prime factors of 348082313?
409, 851057
List the prime factors of 1854793110.
2, 3, 5, 19, 3254023
List the prime factors of 4337523224.
2, 19, 31, 89, 10343
What are the prime factors of 47734602?
2, 3, 7955767
List the prime factors of 1199931503.
1199931503
What are the prime factors of 713754092?
2, 1511, 118093
What are the prime factors of 90649579?
103, 641, 1373
What are the prime factors of 72401288?
2, 79, 109, 1051
List the prime factors of 65179569.
3, 7, 13, 257, 929
List the prime factors of 55343348.
2, 61, 226817
List the prime factors of 25410731.
31, 819701
What are the prime factors of 2033300297?
7, 290471471
What are the prime factors of 255956263?
181, 1414123
What are the prime factors of 1107635971?
13, 6554059
What are the prime factors of 24914562?
2, 3, 653, 6359
What are the prime factors of 982066628?
2, 245516657
List the prime factors of 57913343.
57913343
List the prime factors of 398555133.
3, 709, 187379
What are the prime factors of 48581308?
2, 17, 59, 12109
What are the prime factors of 876596852?
2, 219149213
What are the prime factors of 139708703?
17, 2053, 4003
List the prime factors of 2507337919.
10601, 236519
List the prime factors of 143152960.
2, 5, 447353
List the prime factors of 46082963.
46082963
What are the prime factors of 177568464?
2, 3, 23, 160841
What are the prime factors of 246654288?
2, 3, 570959
What are the prime factors of 250249776?
2, 3, 7, 744791
What are the prime factors of 4226854700?
2, 5, 61, 692927
List the prime factors of 64230267.
3, 17, 379, 3323
List the prime factors of 1223436911.
7297, 167663
List the prime factors of 1830291706.
2, 17, 3467, 15527
What are the prime factors of 157218856?
2, 17, 31, 89, 419
What are the prime factors of 336192700?
2, 5, 443, 7589
List the prime factors of 267981724.
2, 4481, 14951
What are the prime factors of 552859948?
2, 19, 382867
What are the prime factors of 834428?
2, 7, 17, 1753
What are the prime factors of 117115106?
2, 41, 1428233
List the prime factors of 786551431.
6047, 130073
What are the prime factors of 54030079?
61, 293, 3023
What are the prime factors of 50992474?
2, 13, 1961249
What are the prime factors of 211554500?
2, 5, 423109
What are the prime factors of 157049911?
23, 821, 8317
What are the prime factors of 492016608?
2, 3, 1708391
What are the prime factors of 184327647?
3, 7, 1367, 6421
What are the prime factors of 61443351?
3, 701, 9739
List the prime factors of 79169362.
2, 29, 149, 9161
List the prime factors of 1639218071.
7879, 208049
What are the prime factors of 1003398006?
2, 3, 13, 12864077
List the prime factors of 139929236.
2, 2377, 14717
List the prime factors of 86592621.
3, 28864207
List the prime factors of 1245361136.
2, 733, 106187
What are the prime factors of 22700934?
2, 3, 19, 66377
What are the prime factors of 119834791?
2309, 51899
List the prime factors of 20461428.
2, 3, 13, 43721
What are the prime factors of 374541536?
2, 433, 27031
List the prime factors of 130842421.
17, 43, 71, 2521
List the prime factors of 2616961922.
2, 19, 3624601
List the prime factors of 34528884.
2, 3, 13, 211, 1049
What are the prime factors of 147243751?
41, 3591311
What are the prime factors of 255135044?
2, 23, 2773207
List the prime factors of 763475485.
5, 251, 608347
What are the prime factors of 4462043486?
2, 19, 117422197
What are the prime factors of 47751608?
2, 37, 161323
What are the prime factors of 3612643541?
13, 719, 2287
What are the prime factors of 5256514022?
2, 59, 44546729
What are the prime factors of 74870141?
29, 41, 62969
List the prime factors of 110619805.
5, 19, 1164419
List the prime factors of 412692883.
6143, 67181
List the prime factors of 222146864.
2, 373, 37223
What are the prime factors of 820578012?
2, 3, 53, 1033, 1249
What are the prime factors of 287777798?
2, 7, 11, 1868687
What are the prime factors of 2641992687?
3, 97851581
What are the prime factors of 2124429041?
7, 113, 163, 16477
What are the prime factors of 43024440?
2, 3, 5, 179, 2003
What are the prime factors of 17988026?
2, 7, 67, 127, 151
List the prime factors of 366915264.
2, 3, 1911017
What are the prime factors of 29851884?
2, 3, 23, 31, 1163
What are the prime factors of 156440933?
11, 14221903
List the prime factors of 3157206931.
43, 7759, 9463
List the prime factors of 18402739.
2843, 6473
List the prime factors of 63047951.
17, 269, 811
List the prime factors of 1483428721.
17, 87260513
List the prime factors of 36265980.
2, 3, 5, 604433
List the prime factors of 22843891.
7, 3263413
List the prime factors of 893603524.
2, 11, 823, 24677
List the prime factors of 83364546.
2, 3, 383, 36277
What are the prime factors of 723870960?
2, 3, 5, 37, 81517
List the prime factors of 397459498.
2, 198729749
List the prime factors of 4321289378.
2, 7, 199, 769, 2017
What are the prime factors of 29460873?
3, 13, 547, 1381
List the prime factors of 95164194.
2, 3, 109, 145511
List the prime factors of 12064890.
2, 3, 5, 31, 12973
What are the prime factors of 261646968?
2, 3, 11, 281, 3527
What are the prime factors of 50607906?
2, 3, 19, 557, 797
List the prime factors of 25106150.
2, 5, 131, 3833
What are the prime factors of 979066711?
7, 397, 352309
List the prime factors of 207407541.
3, 11, 6285077
List the prime factors of 122731157.
283, 433679
What are the prime factors of 1031990963?
109, 1559, 6073
What are the prime factors of 239029517?
137, 157, 11113
What are the prime factors of 630080484?
2, 3, 11, 89, 53633
What are the prime factors of 593912181?
3, 5801, 34127
What are the prime factors of 39246484?
2, 227, 43223
What are the prime factors of 2116668598?
2, 11, 96212209
List the prime factors of 8910250.
2, 5, 29, 1229
What are the prime factors of 2805216?
2, 3, 29221
List the prime factors of 2700355090.
2, 5, 37, 79, 92383
List the prime factors of 514436846.
2, 7, 11, 3340499
List the prime factors of 264034741.
264034741
What are the prime factors of 2446421310?
2, 3, 5, 27182459
List the prime factors of 8414598951.
3, 11, 19, 1491157
List the prime factors of 212312046.
2, 3, 103, 343547
List the prime factors of 124212786.
2, 3, 20702131
List the prime factors of 49011825.
3, 5, 653491
List the prime factors of 102763894.
2, 19, 43, 61, 1031
List the prime factors of 10916122.
2, 7, 23, 29, 167
What are the prime factors of 1208912339?
73, 103, 160781
What are the prime factors of 213706042?
2, 11, 9713911
What are the prime factors of 2199677341?
43, 71, 720497
What are the prime factors of 655035326?
2, 11, 1291, 23063
List the prime factors of 14358178.
2, 857, 8377
What are the prime factors of 8271426020?
2, 5, 11, 13, 2892107
What are the prime factors of 347467022?
2, 7, 19, 1306267
List the prime factors of 978219326.
2, 7, 69872809
List the prime factors of 35107889.
53, 97, 6829
What are the prime factors of 35518957?
53, 71, 9439
What are the prime factors of 3605151612?
2, 3, 300429301
What are the prime factors of 32258208?
2, 3, 29, 11587
What are the prime factors of 526236343?
17, 23, 4657
List the prime factors of 104243299.
9067, 11497
What are the prime factors of 1998710015?
5, 29, 47, 313, 937
List the prime factors of 24450209.
7, 257, 13591
What are the prime factors of 104087939?
47, 2214637
List the prime factors of 122103295.
5, 24420659
What are the prime factors of 221028673?
221028673
List the prime factors of 213410151.
3, 2089, 11351
List the prime factors of 807125674.
2, 403562837
What are the prime factors of 1130555866?
2, 11, 51388903
What are the prime factors of 325305956?
2, 81326489
What are the prime factors of 173318990?
2, 5, 13, 59, 383
List the prime factors of 498869885.
5, 23, 4337999
What are the prime factors of 68660953?
73, 109, 8629
List the prime factors of 35235215.
5, 19, 370897
What are the prime factors of 147087093?
3, 23, 947, 2251
What are the prime factors of 132670446?
2, 3, 22111741
What are the prime factors of 914310925?
5, 11, 1777, 1871
What are the prime factors of 356051232?
2, 3, 307, 4027
List the prime factors of 1545544682.
2, 1